{"id":576,"date":"2011-10-10T12:04:28","date_gmt":"2011-10-10T13:04:28","guid":{"rendered":"http:\/\/casariego-guerra.com\/blog\/?page_id=576"},"modified":"2020-04-08T10:17:38","modified_gmt":"2020-04-08T11:17:38","slug":"equipo","status":"publish","type":"page","link":"https:\/\/casariego-guerra.com\/?page_id=576","title":{"rendered":"[EQUIPO]"},"content":{"rendered":"<p><a href=\"http:\/\/casariego-guerra.com\/?attachment_id=5208\" rel=\"attachment wp-att-5208\"><img loading=\"lazy\" class=\"alignnone size-large wp-image-5208\" src=\"http:\/\/casariego-guerra.com\/wp-content\/uploads\/2011\/10\/Est-2017_TT-950x474.jpg\" alt=\"\" width=\"950\" height=\"474\" srcset=\"https:\/\/casariego-guerra.com\/wp-content\/uploads\/2011\/10\/Est-2017_TT-950x474.jpg 950w, https:\/\/casariego-guerra.com\/wp-content\/uploads\/2011\/10\/Est-2017_TT-560x279.jpg 560w, https:\/\/casariego-guerra.com\/wp-content\/uploads\/2011\/10\/Est-2017_TT-768x383.jpg 768w\" sizes=\"(max-width: 950px) 100vw, 950px\" \/><\/a><\/p>\n<p><span style=\"color: #808080;\">[Equipo trabajando en el estudio<\/span><span style=\"color: #808080;\">]<\/span><\/p>\n<p><span style=\"text-decoration: underline;\"><span style=\"color: #000000; text-decoration: underline;\">CASARIEGO\u00b7GUERRA<\/span><\/span><span style=\"color: #000000;\">:<\/span><\/p>\n<p><span style=\"color: #000000;\">Elsa Guerra Jim\u00e9nez, Arquitecta MPU\u00a0(Socia Fundadora\/Directora).<\/span><\/p>\n<p><span style=\"color: #000000;\">Noem\u00ed Tejera Mujica, Arquitecta MGPC\u00a0(Jefa de Equipo\/Coordinadora de Proyectos).<\/span><\/p>\n<p><span style=\"color: #000000;\">Con: ARQUITECTURA ANCA S.L.P.<\/span><\/p>\n<p><span style=\"text-decoration: underline;\">Equipo 2018-2019<\/span>:<\/p>\n<p><span style=\"color: #000000;\">Mar\u00eda Gonz\u00e1lez Santana (Arquitecta), Gerardo P\u00e9rez S\u00e1nchez (Arquitecto), Alejandro Hidalgo Santana (Arquitecto). Estudiantes en pr\u00e1cticas: Lucas Andreas Kunz Quintela, Daniel Est\u00e9vez Pons, Ruym\u00e1n Rivero Lezcano<\/span><\/p>\n<p><span style=\"color: #000000;\"><span style=\"text-decoration: underline;\">Han colaborado<\/span>:<\/span><\/p>\n<p style=\"text-align: justify;\"><span style=\"color: #000000;\">Andrea P\u00e9rez Montesdeoca (Arquitecta), Laura Ojeda Saavedra (Arquitecta), Helia Su\u00e1rez Darias (Arquitecta), Elodie Tchaves (Arquitecta), Silvia Montesdeoca Cabrera (Estudiante en pr\u00e1cticas), Claudia P\u00e9rez Santana (Estudiante en pr\u00e1cticas), Jos\u00e9 M\u00aa Gonz\u00e1lez Luzardo (Arquitecto), Paula P\u00e9rez Jorge (Arquitecta), Irene Mansilla Calder\u00f3n (Arquitecta), Raquel Santana \u00c1lvarez (Arquitecta), Jennifer Assell Colino (Arquitecta), Jonay Casariego Fern\u00e1ndez (Arquitecto en pr\u00e1cticas), Kilian Navarro Mart\u00edn (Arquitecto en pr\u00e1cticas), Jorge Yeray Garc\u00eda P\u00e9rez (Estudiante en pr\u00e1cticas), <\/span><span style=\"color: #000000;\">Catalina Santana P\u00e9rez (Lcda. Econ\u00f3micas), Lourdes P\u00e9rez Valido (Lcda. Administraci\u00f3n de Empresas), Cristian Cabrera Falc\u00f3n (Ge\u00f3grafo), <\/span><span style=\"color: #000000;\">Alberto Iglesias Mu\u00f1oz (Arquitecto), Laura M\u00aa Marrero Santana (Arquitecta), Ra\u00fal Falc\u00f3n Nuez (Arquitecto), Marta Cuy\u00e1s Morales (Arquitecta), Silvia Guajardo de la Rosa (Arquitecta), Rub\u00e9n P\u00e9rez Bautista (Arquitecto), Paula Cabrera Fry (Arquitecta), Yurena Morales Moreno (Arquitecta), Alejandro Mor\u00e1n Hurtado (Arquitecto), Fernando Marrero Almeida (Carpinter\u00eda), Luis L\u00f3pez Su\u00e1rez (Estudiante en pr\u00e1cticas), Carmelo Garc\u00eda Rodr\u00edguez (Dibujo por Ordenador), Den\u00e9bola Acosta Y\u00e1\u00f1ez (Administraci\u00f3n), Natalia Vera Rodr\u00edguez (Arquitecta en pr\u00e1cticas), Juan Manuel Rivero Su\u00e1rez (Dibujo por Ordenador), Eduardo Rega Calvo (Arquitecto), Luis Alberto Abreu Delgado (estudiante en pr\u00e1cticas), Jorge del Toro y Bernaldo de Quir\u00f3s (Arquitecto), Sara Aleman Millares (Estudiante de Arquitectura), Laura M\u00aa Marrero Santana (Estudiante de Arquitectura), Gregorio Ram\u00edrez Vila (Arquitecto), Manuel Arencibia Beautell (Estudiante de Arquitectura), Rub\u00e9n Ginorio Garc\u00eda (Estudiante de Arquitectura), Francisco de Borja Garc\u00eda-Montesinos de la Pe\u00f1a (Estudiante de Arquitectura), Daniel Ruiz Rivas (Estudiante de Arquitectura), Rayco Tejera Romero (Estudiante de Arquitectura), An\u00edbal Cabeza Martel (Dibujo por Ordenador), Berta Prieto Vidal (Estudiante de Arquitectura), M\u00aa Teresa Bautista Mart\u00edn (Aparejadora), Ingemar Andersson Curbelo (Estudiante de Arquitectura), Pilar Ruiz Sisam\u00f3n (Arquitecta), Javier Hern\u00e1ndez S\u00e1nchez (Arquitecto), Ruth Su\u00e1rez Cabrera (Estudiante de Arquitectura), Cristina O\u2019Shanahan Alvarez (Administraci\u00f3n), Jan Henrik Fr\u00f6lich (Estudiante de Arquitectura), Julia Roca Trescent (Arquitecta), M\u00aa Ang\u00e9lica Castro Medina (Estudiante de Arquitectura), Rebeca L\u00f3pez Hern\u00e1ndez (Estudiante de Arquitectura), Jos\u00e9 L\u00f3pez Pinto (Estudiante de Arquitectura), Javier Haddad Conde (Estudiante de Arquitectura), <span style=\"color: #000000;\">Rafael G\u00f3mez de Segura Ram\u00edrez (Arquitecto), Noem\u00ed D\u00edaz-Llanos Fern\u00e1ndez (Arquitecta), <\/span>Loreto Hern\u00e1ndez Fern\u00e1ndez (Estudiante de Arquitectura), David Campodarve Garc\u00eda (Estudiante de Arquitectura), Silvia Espino D\u00e1vila (Arquitecta), Pino Boissier Gonz\u00e1lez (Arquitecta), Yukiko Yokoo (Arquitecta), Alexis Hanna Castellano (Arquitecto), Iv\u00e1n Ballesteros Sim\u00f3n (Estudiante de Arquitectura), Elena Garc\u00eda P\u00e9rez (Estudiante de Arquitectura), Gustavo Adolfo Hern\u00e1ndez Santana (Estudiante de Arquitectura), Daniel Padr\u00f3n Hern\u00e1ndez (Estudiante de Arquitectura), Rodolfo Falc\u00f3n Molina (Estudiante de Arquitectura), Laura Ayala Dom\u00ednguez (Estudiante de Arquitectura), Irene Campos Montesdeoca (Estudiante de Arquitectura), Asunci\u00f3n Curbelo Marrero (Estudiante de Arquitectura), Sandra Dur\u00e1n Roger (Estudiante de Arquitectura), Iluminada Navarro Alvarado (Estudiante de Arquitectura), Arabia del Pino de Le\u00f3n (Delineante).<\/span><\/p>\n","protected":false},"excerpt":{"rendered":"<p>[Equipo trabajando en el estudio] CASARIEGO\u00b7GUERRA: Elsa Guerra Jim\u00e9nez, Arquitecta MPU\u00a0(Socia Fundadora\/Directora). Noem\u00ed Tejera Mujica, Arquitecta MGPC\u00a0(Jefa de Equipo\/Coordinadora de Proyectos). Con: ARQUITECTURA ANCA S.L.P. Equipo 2018-2019: Mar\u00eda Gonz\u00e1lez Santana (Arquitecta), Gerardo P\u00e9rez S\u00e1nchez (Arquitecto), Alejandro Hidalgo Santana (Arquitecto). Estudiantes en pr\u00e1cticas: Lucas Andreas Kunz Quintela, Daniel Est\u00e9vez Pons, Ruym\u00e1n Rivero Lezcano Han colaborado: Andrea [&hellip;]<\/p>\n","protected":false},"author":2,"featured_media":0,"parent":4,"menu_order":0,"comment_status":"closed","ping_status":"closed","template":"","meta":[],"_links":{"self":[{"href":"https:\/\/casariego-guerra.com\/index.php?rest_route=\/wp\/v2\/pages\/576"}],"collection":[{"href":"https:\/\/casariego-guerra.com\/index.php?rest_route=\/wp\/v2\/pages"}],"about":[{"href":"https:\/\/casariego-guerra.com\/index.php?rest_route=\/wp\/v2\/types\/page"}],"author":[{"embeddable":true,"href":"https:\/\/casariego-guerra.com\/index.php?rest_route=\/wp\/v2\/users\/2"}],"replies":[{"embeddable":true,"href":"https:\/\/casariego-guerra.com\/index.php?rest_route=%2Fwp%2Fv2%2Fcomments&post=576"}],"version-history":[{"count":103,"href":"https:\/\/casariego-guerra.com\/index.php?rest_route=\/wp\/v2\/pages\/576\/revisions"}],"predecessor-version":[{"id":5363,"href":"https:\/\/casariego-guerra.com\/index.php?rest_route=\/wp\/v2\/pages\/576\/revisions\/5363"}],"up":[{"embeddable":true,"href":"https:\/\/casariego-guerra.com\/index.php?rest_route=\/wp\/v2\/pages\/4"}],"wp:attachment":[{"href":"https:\/\/casariego-guerra.com\/index.php?rest_route=%2Fwp%2Fv2%2Fmedia&parent=576"}],"curies":[{"name":"wp","href":"https:\/\/api.w.org\/{rel}","templated":true}]}}